{"id":1617,"date":"2014-05-03T23:09:52","date_gmt":"2014-05-03T21:09:52","guid":{"rendered":"http:\/\/www.veb-schwarzdruck.de\/?page_id=1617"},"modified":"2019-11-14T00:08:54","modified_gmt":"2019-11-13T22:08:54","slug":"fragen","status":"publish","type":"page","link":"https:\/\/www.edition-schwarzdruck.de\/?page_id=1617","title":{"rendered":"Fragen von A bis V"},"content":{"rendered":"<div class=\"krown-tabs vertical clearfix\"><ul class=\"titles clearfix autop\"><\/p>\n<p><li class=\"opened\"><h5 class=\"krown-icon-globe\">Auslandsbestellungen<\/h5><\/li><li><h5 class=\"krown-icon-note\">Buchh\u00e4ndler-Informationen<\/h5><\/li> <li><h5 class=\"krown-icon-mobile\">E-Books<\/h5><\/li> <li><h5 class=\"krown-icon-comment-2\">Lesungen<\/h5><\/li> <li><h5 class=\"krown-icon-pencil\">Manuskripte<\/h5><\/li> <li><h5 class=\"krown-icon-flag\">Messen<\/h5><\/li> <li><h5 class=\"krown-icon-email\">Newsletter<\/h5><\/li> <li><h5 class=\"krown-icon-shop\">Pr\u00e4senzbuchhandlungen<\/h5><\/li> <li><h5 class=\"krown-icon-tools\">Praktika, Volontariate, Jobs<\/h5><\/li> <li><h5 class=\"krown-icon-users-1\">Privatkunden<\/h5><\/li> <li><h5 class=\"krown-icon-thumbs-up\">Presse<\/h5><\/li> <li><h5 class=\"krown-icon-book-open\">Verlagsprogramme<\/h5><\/li> <li><h5 class=\"krown-icon-user-male\">Vertreter<\/h5><\/li><li><h5 class=\"krown-icon-globe\">Webshop<\/h5><\/li> <\/ul><div class=\"contents clearfix autop\"><div><\/p>\n<h4>Auslandsbestellungen<\/h4>\n<p>Buchh\u00e4ndler au\u00dferhalb Deutschlands bestellen per Mail direkt bei uns. Wir gew\u00e4hren 30% Buchhandelsrabatt (au\u00dfer auf sowieso nicht \u00fcber den Buchhandel erh\u00e4ltlichen Pressendrucke, Postkarten, Widerdruckkalender, Grafiken und\u00a0Einblattdrucke), berechnen aber Versandgeb\u00fchren. Diese sind unterschiedlich je nach Land. Bei Auslandsbestellungen bestehen wir auf Vorkasse und senden Ihnen die Rechnung per Mail. Nach Zahlungseingang versenden wir die Bestellung &#8211; h\u00e4ufig mit Hermes, weil die nach unserer Erfahrung meist g\u00fcnstig und am zuverl\u00e4ssigsten sind. Deshalb bitte keine Postbox-Empf\u00e4ngeradressen angeben.<\/p>\n<p>Privatkunden au\u00dferhalb Deutschlands kaufen am besten in unserem Webshop mittels PayPal-Bezahlung.<\/p>\n<p><\/div><div><\/p>\n<h4>Buchh\u00e4ndler-Informationen<\/h4>\n<p>Wir gew\u00e4hren 30% Buchhandelsrabatt (au\u00dfer auf im Buchhandel nicht erh\u00e4ltliche Pressendrucke, Postkarten, Widerdruckkalender, Grafik, Einblattdrucke), berechnen aber Versandgeb\u00fchren. Bestellungen mit mehr als 20 Euro Verkaufswert\u00a0versenden wir grunds\u00e4tzlich mit HERMES, weil die B\u00fcchersendungen der Post zu oft unwiederbringlich verlorengehen oder ewig unterwegs sind. Deshalb bitte keine Postboxempf\u00e4ngeradressen angeben. Versandkosten bei B\u00fcchersendungen (Warenwert unter 20 Euro, Gewicht unter 500g) berechnen wir momentan mit 2 Euro, mit Hermes (Normalp\u00e4ckchen) mit 4 Euro, bei gr\u00f6\u00dferen Sendungen\u00a0auch mehr. Die Frechen Hefte, einzelne Postkarten und kleinere Drucke sind entweder nur bestellbar in einer Mindestmenge von 5 St\u00fcck oder als Teil einer gr\u00f6\u00dferen Sendung &#8211; sonst lohnt sich Versand und Rechnungsstellung nicht. Normalerweise bearbeiten wir Bestellungen innerhalb von 48 Stunden nach Eingang. Es kann aber auch &#8211; manchmal! &#8211; l\u00e4nger dauern &#8230;\u00a0Hermessendungen sind (im Unterschied zu B\u00fcchersendungen mit der Post) nachverfolgbar. <\/div><div><\/p>\n<h4>E-Books<\/h4>\n<p>lehnen wir &#8211; wie die Mehrheit unserer Autoren &#8211; noch immer ab und machen sie einfach nicht.\u00a0Auch wenn wir damit als konservativ gelten. Schwarzdruck macht bewu\u00dft B\u00fccher auf Papier &#8211; w\u00e4hrend lizensierte Software nicht nur virtuell ist, sondern auch nicht angefasst, umgebl\u00e4ttert, verborgt, mit Anmerkungen versehen, weiterverschenkt, am Strand halbverbuddelt, in der hei\u00dfen Badewanne gelesen, im Regal neu entdeckt, vererbt, signiert, selbst neu eingebunden, vor Wut zerrissen, von Tr\u00e4nen betr\u00f6pfelt, ohne Strom und technische Hilfsmittel gelesen\u00a0werden kann. Nichts geht \u00fcber die Behaglichkeit einer eigenen Bibliothek.<\/p>\n<p>Und mal abgesehen davon: wieviele Datenformate und Datentr\u00e4ger und entsprechende technische Ger\u00e4te haben Sie schon kommen und vor allem gehen sehen? <\/div><div><\/p>\n<h4>Lesungen, Buchpremieren und \u00e4hnliches<\/h4>\n<p>veranstalten wir viel zu selten &#8211; manchmal aber doch. Allerdings lesen\u00a0unsere\u00a0Autoren meist, ohne dass wir davon wissen. Wir vermitteln gern den Kontakt zu unseren Autoren, falls Sie eine Veranstaltung machen wollen. Mit dieser\u00a0neuen Website hoffen wir, jetzt auch mehr daf\u00fcr werben zu k\u00f6nnen. Sie finden uns bekannte Lesungen etc. im Blog unter der Rubrik &#8222;Veranstaltungen&#8220;. <\/div><div><\/p>\n<h4>Manuskripte<\/h4>\n<p>Wenn Sie uns ein Manuskript anbieten wollen, schicken Sie es uns entweder per Mail als PDF-Datei, Textdatei oder Ausdruck auf Papier. Papiermanuskripte schicken wir auch im Ablehnungsfall nicht zur\u00fcck. Zur Manuskriptpr\u00fcfung lassen Sie uns bitte drei Monate Zeit. Wenn Sie dann immer noch nichts von uns geh\u00f6rt haben, empfiehlt sich eine Nachfrage. Da wir nur eine begrenzte Kapazit\u00e4t haben und meist schon weit im voraus planen, ist mit einer kurzfristigen Ver\u00f6ffentlichung bei uns nicht zu rechnen. Als Autor bei Schwarzdruck reich und\/oder ber\u00fchmt werden zu\u00a0wollen ist eine Illusion und w\u00e4re genauso\u00a0wahrscheinlich\u00a0wie\u00a0ein Lottohauptgewinn.<\/p>\n<p>Bitte versuchen Sie vor Einsendung selbstkritisch zu \u00fcberpr\u00fcfen, ob Ihr Manuskript \u00fcberhaupt in unser Programm passen k\u00f6nnte. Esoterische Literatur, Kinderb\u00fccher, Reiseberichte, Fotob\u00e4nde, Berichte \u00fcber heroische Republikfluchten, Kriegserinnerungen deutscher Landser, Pferdeb\u00fccher &#8211; das ist uns alles schon angeboten worden, obwohl wir soetwas gar nicht verlegen. <\/div><div><\/p>\n<h4>Messen<\/h4>\n<p>Wir haben weder in Frankfurt noch in Leipzig einen Stand. Das ist zu teuer, zu zeitaufwendig und zu anstrengend.\u00a0Schwarzdruck ist\u00a0aber regelm\u00e4\u00dfig und gern auf den kleineren Messen: in Hamburg, Mainz, Frauenfeld (CH), Berlin, Leiden (NL), P\u00f6\u00dfneck, Trier &#8230;<\/p>\n<p>N\u00e4heres und Aktuelles dazu finden Sie im Blog unter &#8222;Veranstaltungen&#8220; <\/div><div><\/p>\n<h4>Newsletter<\/h4>\n<p>Wir\u00a0arbeiten noch dran, einen &#8222;newsletter&#8220; auf dieser Website zu integrieren, aber das wird wohl noch einige Zeit dauern. <\/div><div><\/p>\n<h4>Pr\u00e4senzbuchhandlungen<\/h4>\n<p>haben wir nicht wirklich. Aber die Buchhandlung in der JW-Ladengalerie in Berlin-Mitte (Torstr. 6) f\u00fchrt viele\u00a0im Buchhandel erh\u00e4ltliche Titel von uns. Selbstverst\u00e4ndlich k\u00f6nnen\u00a0Sie in unserem Verlagshaus in Gransee (Mauerstr. 4a) alles, was lieferbar ist, ansehen und kaufen. <\/div><div><\/p>\n<h4>Praktika, Volontariate, Jobs<\/h4>\n<p>bieten wir f\u00fcr Lektorats- oder Verlagsarbeit nicht an. Interessierte Grafiker, K\u00fcnster, Grafikdesigner und Studenten in k\u00fcnstlerischen\u00a0Fachrichtungen oder auch sonstige Mitmenschen k\u00f6nnen in unserer Bleisetzerei und Buchdruckerei ein &#8211; nat\u00fcrlich &#8211; unbezahltes Praktikum in Sachen Letterpress, Bleisatz, Typographie, B\u00fcchermachen, Drucken absolvieren. Allerdings macht das nur Sinn, wenn das Praktikum mindestens drei Monate dauert. Bewerbungen nehmen wir gern entgegen.<\/p>\n<p>Daneben bieten wir auch Workshops f\u00fcr Interessierte an. Die Themen reichen von der Typographie \u00fcber Handsatz, Buchdruck, Drukseln bis hin\u00a0zum Buntpapiermachen und Selberdrucken. Die Preise richten sich nach Dauer, Teilnehmerzahl und Aufwand. Grunds\u00e4tzlich ist alles machbar: ob nun Grafikstudenten, interessierte Laien, Schulklassen oder Familien kommen wollen. Inhalte, Termine, Dauer,\u00a0Preise etc. m\u00fcssen individuell vereinbart werden.\u00a0<\/div><div><\/p>\n<h4>Privatkunden<\/h4>\n<p>bestellen am allerbesten in unserem Shop. Da haben auch wir am Meisten davon und die Bestellung landet wirklich bei uns. Aber auch\u00a0beim Buchh\u00e4ndler Ihres Vertrauens k\u00f6nnen Sie bestellen, wenn dieser bereit ist, auch direkt beim Verlag zu ordern und nicht nur Gro\u00dfhandelstitel ausliefert. \u00dcber\u00a0Amazon ist ebenfalls einiges erh\u00e4ltlich. Bei Fragen und Problemen k\u00f6nnen Sie gern bei uns anrufen oder mailen. Oder kommen Sie einfach bei uns in der Granseer Mauerstra\u00dfe vorbei &#8211; vorherige\u00a0Anmeldung ist aber empfohlen, weil nicht immer jemand hier ist. <\/div><div><\/p>\n<h4>Presse<\/h4>\n<p>Sie sind von der Presse, Funk und Fernsehen und wollen etwas von uns rezensieren, besprechen, vorstellen? Gern!<\/p>\n<p>Allerdings drucken wir recht kleine Auflagen und m\u00fcssen sparsam mit Rezensionsexemplaren umgehen. Deshalb behalten wir uns vor, nicht jede Anfrage diesbez\u00fcglich zu erf\u00fcllen. Ein PDF k\u00f6nnen Sie aber immer bekommen. Rezensenten auf Webseiten und Blogs bekommen nat\u00fcrlich grunds\u00e4tzlich nur ein PDF. Wenn Sie Bilder von Autoren, B\u00fcchern, Abbildungen brauchen, lassen Sie uns das wissen. Wir erwarten aber in jedem Fall die Zusendung der Rezension an uns und die Erlaubnis, daraus in unserer Werbung zu zitieren. <\/div><div><\/p>\n<h4>Verlagsprogramme<\/h4>\n<p>erscheinen bei uns unregelm\u00e4\u00dfig &#8211; nach Bedarf. Deshalb kann es passieren, dass neue B\u00fccher dort\u00a0noch nicht angezeigt\u00a0sind. Bestellungen legen wir das aktuelle Heft\u00a0normalerweise immer bei. Nur bei Bestellungen von Zirkusb\u00fcchern legen wir lediglich einen Flyer \u00fcber alle Titel zu dieser Thematik bei. Die\u00a0Informationen auf dieser Website sind aber deutlich ausf\u00fchrlicher als das kleine gedruckte Werbematerial.<\/p>\n<p>Link zum Herunterladen desselben: [download id=&#8220;4876&#8243;]<br \/>\n<\/div><div><\/p>\n<h4>Vertreter<\/h4>\n<p>haben wir\u00a0nicht. Und wollen wir nicht. <\/div><div><\/p>\n<h4>Webshop<\/h4>\n<p>Etliche Pressendrucke, Postkarten, Grafik, Einblattdrucke und den Widerdruckkalender gibt es nur in unserem Webshop. Bitte geben Sie eine richtige Empf\u00e4ngeradresse und KEINE\u00a0Postbox an &#8211; wir versenden mit Hermes, das ist in der Regel g\u00fcnstiger und manchmal\u00a0zuverl\u00e4ssiger als mit der Post. Die Versandkosten f\u00fcr Westeuropa und die USA finden Sie im Webshop, sobald Sie etwas in den Warenkorb legen. Ins Ausland liefern wir nur per paypal-Bezahlung, nur bei Stammkunden per Rechnung.<\/p>\n<p><\/div><\/div><\/div>\n","protected":false},"excerpt":{"rendered":"","protected":false},"author":1,"featured_media":0,"parent":0,"menu_order":0,"comment_status":"closed","ping_status":"closed","template":"","meta":[],"_links":{"self":[{"href":"https:\/\/www.edition-schwarzdruck.de\/index.php?rest_route=\/wp\/v2\/pages\/1617"}],"collection":[{"href":"https:\/\/www.edition-schwarzdruck.de\/index.php?rest_route=\/wp\/v2\/pages"}],"about":[{"href":"https:\/\/www.edition-schwarzdruck.de\/index.php?rest_route=\/wp\/v2\/types\/page"}],"author":[{"embeddable":true,"href":"https:\/\/www.edition-schwarzdruck.de\/index.php?rest_route=\/wp\/v2\/users\/1"}],"replies":[{"embeddable":true,"href":"https:\/\/www.edition-schwarzdruck.de\/index.php?rest_route=%2Fwp%2Fv2%2Fcomments&post=1617"}],"version-history":[{"count":40,"href":"https:\/\/www.edition-schwarzdruck.de\/index.php?rest_route=\/wp\/v2\/pages\/1617\/revisions"}],"predecessor-version":[{"id":4879,"href":"https:\/\/www.edition-schwarzdruck.de\/index.php?rest_route=\/wp\/v2\/pages\/1617\/revisions\/4879"}],"wp:attachment":[{"href":"https:\/\/www.edition-schwarzdruck.de\/index.php?rest_route=%2Fwp%2Fv2%2Fmedia&parent=1617"}],"curies":[{"name":"wp","href":"https:\/\/api.w.org\/{rel}","templated":true}]}}