{"id":1689,"date":"2014-05-04T10:53:09","date_gmt":"2014-05-04T08:53:09","guid":{"rendered":"http:\/\/www.veb-schwarzdruck.de\/?page_id=1689"},"modified":"2019-02-18T20:43:55","modified_gmt":"2019-02-18T18:43:55","slug":"links","status":"publish","type":"page","link":"http:\/\/www.edition-schwarzdruck.de\/?page_id=1689","title":{"rendered":"Links"},"content":{"rendered":"<div class=\"krown-tabs vertical clearfix\"><ul class=\"titles clearfix autop\"> <li class=\"opened\"><h5>V.E.B. Schwarzdruck<\/h5><\/li><\/p>\n<p><li><h5>Eremitage Gransee<\/h5><\/li> <li><h5>Marc Berger <\/h5><\/li> <li><h5>Tage der offenen Druckwerkstatt<\/h5><\/li> <li><h5>Gesch\u00e4tzte Kollegen<\/h5><\/li> <\/ul><div class=\"contents clearfix autop\"><div> Der &#8222;Vollstrecker Erbarmungslosen Buchdrucks&#8220; Schwarzdruck ist die Druckwerkstatt unseres Verlages, in der in Blei- und Computersatz und Hochdruck (Buchdruck) sowohl f\u00fcr uns als auch f\u00fcr unsere Kunden gearbeitet wird. Wir \u00fcbernehmen alle Auftr\u00e4ge, in denen es um Gestaltung von Drucksachen geht und die wir entweder allein oder in Kooperation mit bew\u00e4hrten Kollegen in geforderter Qualit\u00e4t, Termintreue und Umfang auszuf\u00fchren in der Lage sind. Egal welches Satz- und welches Druckverfahren zum Einsatz kommt. Dinge, von denen wir uns \u00fcberfordert f\u00fchlen, fassen wir im Interesse unserer Kunden nicht an &#8211; helfen in dem Fall aber nach Kr\u00e4ften, geeignete Auftragnehmer zu finden.<\/p>\n<p>&nbsp;<\/p>\n<p>Genauere Spezifikationen unserer technischen M\u00f6glichkeiten im Bleisatz, Letterpress und Buchdruck sollten wir bei Interesse telefonisch kl\u00e4ren. Rein grunds\u00e4tzlich ist eigentlich alles, was im klassischen Buchdruck ging, auch bei uns m\u00f6glich. Das gr\u00f6\u00dfte Buchdruckformat f\u00fcr kleine Auflagen ist A0 und f\u00fcr gr\u00f6\u00dfere Auflagen (in Kooperation mit einem lieben Kollegen) 70x100cm. Die Setzerei verf\u00fcgt \u00fcber eine der deutschlandweit gr\u00f6\u00dften Sammlungen an Handsatz-Schrift und Material in einer noch arbeitenden Werkstatt,\u00a0Maschinensatz kaufen wir bei Kollegen. Wir drucken im Hochdruck alles, was technisch m\u00f6glich ist: Bleisatz, Holzlettern, Materialdrucke, Nyloprintplatten, Klischees, Holz- und Linolschnitte, Holzstiche &#8230; Und wir k\u00f6nnen nat\u00fcrlich auch Schneiden, Rillen, Perforieren, Papierbohren etc.<\/p>\n<p><\/div><div> Die &#8222;Eremitage Gransee&#8220; ist Schwarzdrucks Haus-Galerie und zeigt in drei\u00a0bis vier\u00a0Ausstellungen pro Jahr ausschlie\u00dflich Druckgrafik, Buchkunst und Typografie von in- und ausl\u00e4ndischen K\u00fcnstlern und Kollegen. Wir stellen ausschlie\u00dflich\u00a0Gedrucktes aus, was uns gef\u00e4llt und als sehenswert erscheint.<\/p>\n<p>Solange Ausstellungen laufen, haben wir normalerweise Mi, Do und So von 15 bis 18 Uhr ge\u00f6ffnet. Es empfiehlt sich allerdings bei Besuchsabsicht (vor allem weit angereister Interessenten) ein vorheriger Anruf zur Kontrolle, weil es uns trotz gr\u00f6\u00dfter Bem\u00fchungen\u00a0nicht immer gelingt, zu den normalen \u00d6ffnungszeiten auch wirklich hier zu sein.<\/p>\n<p>Die aktuelle Ausstellung finden Sie momentan nur am Schwarzen Brett unter den Stichw\u00f6rtern &#8222;Veranstaltungen&#8220; und &#8222;Eremitage&#8220; &#8211;\u00a0bis irgendwann die galerieeigene Webseite \u00fcberarbeitet\u00a0ist. <\/div><div> Marc Berger, geboren 1965, hat Setzer und Drucker gelernt. Arbeitet nun schon jahrzehntelang als Drucker, Setzer, Buchgestalter, Verlagshersteller erst festangestellt (u.a. in der Stamperia Valdonega Verona, in der Buchdruckerei Nessing, beim Hinstorff-Verlag Rostock, beim Dietz-Verlag, im Altberliner Verlag, bei Cornelsen &amp; Oxford und an der Kunsthochschule Burg Giebichenstein Halle\/Saale) und seit 1996 freiberuflich f\u00fcr verschiedenste Auftraggeber.<\/p>\n<p><\/div><div> Die &#8222;Tage der offenen Druckwerkstatt&#8220; im Oberhavelkreis fanden erstmals 2011 auf Initiative der hochgesch\u00e4tzten Kollegen von der Saalpresse Bergsdorf statt und dokumentierten die ungew\u00f6hnliche Dichte an k\u00fcnstlerischen Druckwerkst\u00e4tten im n\u00f6rdlichen Oberhavelkreis und deren Qualit\u00e4ten. Mittlerweile ist Schwarzdrucks T\u00fcr die letzte offene, denn die Kollegen haben soviel zu tun, dass sie sich nicht mehr an dieser Veranstaltung beteiligen.\u00a0Zu den\u00a0Tagen der offenen Druckwerkstatt finden im V.E.B. Schwarzdruck \u00f6ffentliche Druckvorf\u00fchrungen statt. Der Schwarzdrucker steht f\u00fcr alle Fragen zur Verf\u00fcgung. Manchmal gibt es auch eine passende Lesung oder Filmvorf\u00fchrung dazu\u00a0und\u00a0etwas zu Trinken gibt es immer\u00a0&#8230; jedes Jahr an dem\u00a0Wochenende im September, an dem auch der deutschlandweite &#8222;Tag des offenen Denkmals&#8220; stattfindet.<\/p>\n<p>Aktuelles und Genaueres finden Sie unter &#8222;Veranstaltungen&#8220; am Schwarzen Brett. <\/div><div><\/p>\n<p>Das ist nat\u00fcrlich nur eine Auswahl.<br \/>\nViele verehrte Kollegen betreiben gar keine &#8222;normale&#8220; Webseite mehr, sondern zeigen ihre Arbeiten in verschiedenen &#8222;sozialen&#8220; Medien.<\/p>\n<p><a href=\"http:\/\/www.andrea-lange.com\">www.andrea-lange.com<\/a><\/p>\n<p><a href=\"www.annegretfrauenlob.de\">www.annegretfrauenlob.de<\/a><\/p>\n<p><a href=\"http:\/\/www.boekdrukatelierhety.nl\">www.boekdrukatelierhety.nl<\/a><\/p>\n<p><a href=\"http:\/\/www.buchbinderei-rost.de\">www.buchbinderei-rost.de<\/a><\/p>\n<p><a href=\"http:\/\/www.carpe-plumbum.de\">www.carpe-plumbum.de<\/a><\/p>\n<p><a href=\"http:\/\/www.druck-buchkultur.de\">www.druck-buchkultur.de<\/a><\/p>\n<p><a href=\"http:\/\/drukwerkindemarge.org\">www.drukwerkindemarge.org<\/a><\/p>\n<p><a href=\"http:\/\/www.edition-klaus-raasch.de\">www.edition-klaus-raasch.de<\/a><\/p>\n<p><a href=\"http:\/\/www.grotesque.nl\">www.grotesque.nl<\/a><\/p>\n<p><a href=\"http:\/\/www.kaefertal-presse.com\">www.kaefertal-presse.com<\/a><\/p>\n<p><a href=\"http:\/\/www.novepunti.org\">www.letterpressamsterdam.com<\/a><\/p>\n<p><a href=\"http:\/\/www.novepunti.org\">www.novepunti.org<\/a><\/p>\n<p><a href=\"http:\/\/www.parnassia.org\">www.parnassia.org<\/a><\/p>\n<p><a href=\"http:\/\/www.pixellook.de\/vogelpresse\/\">www.pixellook.de\/vogelpresse\/<\/a><\/p>\n<p><a href=\"http:\/\/www.postpost.ch\">www.postpost.ch<\/a><\/p>\n<p><a href=\"http:\/\/www.saalpresse.de\">www.saalpresse.de<\/a><\/p>\n<p><a href=\"http:\/\/www.sonnenberg-presse.de\">www.sonnenberg-presse.de<\/a><\/p>\n<p><a href=\"http:\/\/www.waldgut.ch\">www.waldgut.ch<\/a><\/p>\n<p>,<\/p>\n<p>&nbsp;<\/p>\n<p><\/div><\/div><\/div>\n","protected":false},"excerpt":{"rendered":"","protected":false},"author":1,"featured_media":0,"parent":0,"menu_order":0,"comment_status":"open","ping_status":"open","template":"","meta":[],"_links":{"self":[{"href":"http:\/\/www.edition-schwarzdruck.de\/index.php?rest_route=\/wp\/v2\/pages\/1689"}],"collection":[{"href":"http:\/\/www.edition-schwarzdruck.de\/index.php?rest_route=\/wp\/v2\/pages"}],"about":[{"href":"http:\/\/www.edition-schwarzdruck.de\/index.php?rest_route=\/wp\/v2\/types\/page"}],"author":[{"embeddable":true,"href":"http:\/\/www.edition-schwarzdruck.de\/index.php?rest_route=\/wp\/v2\/users\/1"}],"replies":[{"embeddable":true,"href":"http:\/\/www.edition-schwarzdruck.de\/index.php?rest_route=%2Fwp%2Fv2%2Fcomments&post=1689"}],"version-history":[{"count":26,"href":"http:\/\/www.edition-schwarzdruck.de\/index.php?rest_route=\/wp\/v2\/pages\/1689\/revisions"}],"predecessor-version":[{"id":4295,"href":"http:\/\/www.edition-schwarzdruck.de\/index.php?rest_route=\/wp\/v2\/pages\/1689\/revisions\/4295"}],"wp:attachment":[{"href":"http:\/\/www.edition-schwarzdruck.de\/index.php?rest_route=%2Fwp%2Fv2%2Fmedia&parent=1689"}],"curies":[{"name":"wp","href":"https:\/\/api.w.org\/{rel}","templated":true}]}}

<div class="krown-tabs vertical clearfix"><ul class="titles clearfix autop"> <li class="opened"><h5>V.E.B. Schwarzdruck</h5></li></p>
<p><li><h5>Eremitage Gransee</h5></li> <li><h5>Marc Berger </h5></li> <li><h5>Tage der offenen Druckwerkstatt</h5></li> <li><h5>Geschätzte Kollegen</h5></li> </ul><div class="contents clearfix autop"><div> Der &#8222;Vollstrecker Erbarmungslosen Buchdrucks&#8220; Schwarzdruck ist die Druckwerkstatt unseres Verlages, in der in Blei- und Computersatz und Hochdruck (Buchdruck) sowohl für uns als auch für unsere Kunden gearbeitet wird. Wir übernehmen alle Aufträge, in denen es um Gestaltung von Drucksachen geht und die wir entweder allein oder in Kooperation mit bewährten Kollegen in geforderter Qualität, Termintreue und Umfang auszuführen in der Lage sind. Egal welches Satz- und welches Druckverfahren zum Einsatz kommt. Dinge, von denen wir uns überfordert fühlen, fassen wir im Interesse unserer Kunden nicht an &#8211; helfen in dem Fall aber nach Kräften, geeignete Auftragnehmer zu finden.</p>
<p>&nbsp;</p>
<p>Genauere Spezifikationen unserer technischen Möglichkeiten im Bleisatz, Letterpress und Buchdruck sollten wir bei Interesse telefonisch klären. Rein grundsätzlich ist eigentlich alles, was im klassischen Buchdruck ging, auch bei uns möglich. Das größte Buchdruckformat für kleine Auflagen ist A0 und für größere Auflagen (in Kooperation mit einem lieben Kollegen) 70x100cm. Die Setzerei verfügt über eine der deutschlandweit größten Sammlungen an Handsatz-Schrift und Material in einer noch arbeitenden Werkstatt, Maschinensatz kaufen wir bei Kollegen. Wir drucken im Hochdruck alles, was technisch möglich ist: Bleisatz, Holzlettern, Materialdrucke, Nyloprintplatten, Klischees, Holz- und Linolschnitte, Holzstiche &#8230; Und wir können natürlich auch Schneiden, Rillen, Perforieren, Papierbohren etc.</p>
<p></div><div> Die &#8222;Eremitage Gransee&#8220; ist Schwarzdrucks Haus-Galerie und zeigt in drei bis vier Ausstellungen pro Jahr ausschließlich Druckgrafik, Buchkunst und Typografie von in- und ausländischen Künstlern und Kollegen. Wir stellen ausschließlich Gedrucktes aus, was uns gefällt und als sehenswert erscheint.</p>
<p>Solange Ausstellungen laufen, haben wir normalerweise Mi, Do und So von 15 bis 18 Uhr geöffnet. Es empfiehlt sich allerdings bei Besuchsabsicht (vor allem weit angereister Interessenten) ein vorheriger Anruf zur Kontrolle, weil es uns trotz größter Bemühungen nicht immer gelingt, zu den normalen Öffnungszeiten auch wirklich hier zu sein.</p>
<p>Die aktuelle Ausstellung finden Sie momentan nur am Schwarzen Brett unter den Stichwörtern &#8222;Veranstaltungen&#8220; und &#8222;Eremitage&#8220; &#8211; bis irgendwann die galerieeigene Webseite überarbeitet ist. </div><div> Marc Berger, geboren 1965, hat Setzer und Drucker gelernt. Arbeitet nun schon jahrzehntelang als Drucker, Setzer, Buchgestalter, Verlagshersteller erst festangestellt (u.a. in der Stamperia Valdonega Verona, in der Buchdruckerei Nessing, beim Hinstorff-Verlag Rostock, beim Dietz-Verlag, im Altberliner Verlag, bei Cornelsen &amp; Oxford und an der Kunsthochschule Burg Giebichenstein Halle/Saale) und seit 1996 freiberuflich für verschiedenste Auftraggeber.</p>
<p></div><div> Die &#8222;Tage der offenen Druckwerkstatt&#8220; im Oberhavelkreis fanden erstmals 2011 auf Initiative der hochgeschätzten Kollegen von der Saalpresse Bergsdorf statt und dokumentierten die ungewöhnliche Dichte an künstlerischen Druckwerkstätten im nördlichen Oberhavelkreis und deren Qualitäten. Mittlerweile ist Schwarzdrucks Tür die letzte offene, denn die Kollegen haben soviel zu tun, dass sie sich nicht mehr an dieser Veranstaltung beteiligen. Zu den Tagen der offenen Druckwerkstatt finden im V.E.B. Schwarzdruck öffentliche Druckvorführungen statt. Der Schwarzdrucker steht für alle Fragen zur Verfügung. Manchmal gibt es auch eine passende Lesung oder Filmvorführung dazu und etwas zu Trinken gibt es immer &#8230; jedes Jahr an dem Wochenende im September, an dem auch der deutschlandweite &#8222;Tag des offenen Denkmals&#8220; stattfindet.</p>
<p>Aktuelles und Genaueres finden Sie unter &#8222;Veranstaltungen&#8220; am Schwarzen Brett. </div><div></p>
<p>Das ist natürlich nur eine Auswahl.<br />
Viele verehrte Kollegen betreiben gar keine &#8222;normale&#8220; Webseite mehr, sondern zeigen ihre Arbeiten in verschiedenen &#8222;sozialen&#8220; Medien.</p>
<p><a href="http://www.andrea-lange.com">www.andrea-lange.com</a></p>
<p><a href="www.annegretfrauenlob.de">www.annegretfrauenlob.de</a></p>
<p><a href="http://www.boekdrukatelierhety.nl">www.boekdrukatelierhety.nl</a></p>
<p><a href="http://www.buchbinderei-rost.de">www.buchbinderei-rost.de</a></p>
<p><a href="http://www.carpe-plumbum.de">www.carpe-plumbum.de</a></p>
<p><a href="http://www.druck-buchkultur.de">www.druck-buchkultur.de</a></p>
<p><a href="http://drukwerkindemarge.org">www.drukwerkindemarge.org</a></p>
<p><a href="http://www.edition-klaus-raasch.de">www.edition-klaus-raasch.de</a></p>
<p><a href="http://www.grotesque.nl">www.grotesque.nl</a></p>
<p><a href="http://www.kaefertal-presse.com">www.kaefertal-presse.com</a></p>
<p><a href="http://www.novepunti.org">www.letterpressamsterdam.com</a></p>
<p><a href="http://www.novepunti.org">www.novepunti.org</a></p>
<p><a href="http://www.parnassia.org">www.parnassia.org</a></p>
<p><a href="http://www.pixellook.de/vogelpresse/">www.pixellook.de/vogelpresse/</a></p>
<p><a href="http://www.postpost.ch">www.postpost.ch</a></p>
<p><a href="http://www.saalpresse.de">www.saalpresse.de</a></p>
<p><a href="http://www.sonnenberg-presse.de">www.sonnenberg-presse.de</a></p>
<p><a href="http://www.waldgut.ch">www.waldgut.ch</a></p>
<p>,</p>
<p>&nbsp;</p>
<p></div></div></div>
